
{"id":109,"date":"2009-10-07T13:39:57","date_gmt":"2009-10-07T11:39:57","guid":{"rendered":"http:\/\/www.cielmonordi.fr\/v2010\/cmo\/?page_id=109"},"modified":"2016-02-03T14:36:47","modified_gmt":"2016-02-03T12:36:47","slug":"tarifs","status":"publish","type":"page","link":"https:\/\/www.cielmonordi.fr\/v2010\/cmo\/tarifs\/","title":{"rendered":"Prestations"},"content":{"rendered":"<p style=\"text-align: justify;\"><img decoding=\"async\" loading=\"lazy\" class=\"aligncenter size-large wp-image-1217\" src=\"http:\/\/www.cielmonordi.fr\/v2010\/cmo\/wp-content\/uploads\/2015\/10\/18618204_ml-redim2-1024x303.jpg\" alt=\"18618204_ml redim2\" width=\"690\" height=\"204\" srcset=\"https:\/\/www.cielmonordi.fr\/v2010\/cmo\/wp-content\/uploads\/2015\/10\/18618204_ml-redim2-1024x303.jpg 1024w, https:\/\/www.cielmonordi.fr\/v2010\/cmo\/wp-content\/uploads\/2015\/10\/18618204_ml-redim2-300x88.jpg 300w, https:\/\/www.cielmonordi.fr\/v2010\/cmo\/wp-content\/uploads\/2015\/10\/18618204_ml-redim2.jpg 1686w\" sizes=\"(max-width: 690px) 100vw, 690px\" \/><\/p>\n<p style=\"text-align: justify;\"><span style=\"line-height: 1.5em;\"><div class=\"su-tabs su-tabs-style-default su-tabs-mobile-stack su-tabs-vertical\" data-active=\"1\" data-scroll-offset=\"0\" data-anchor-in-url=\"no\"><div class=\"su-tabs-nav\"><span class=\"\" data-url=\"\" data-target=\"blank\" tabindex=\"0\" role=\"button\">1. Assistance \u00e0 Domicile<\/span><span class=\"\" data-url=\"\" data-target=\"blank\" tabindex=\"0\" role=\"button\">2. Formations<\/span><span class=\"\" data-url=\"\" data-target=\"blank\" tabindex=\"0\" role=\"button\">3. Conseils<\/span><span class=\"\" data-url=\"\" data-target=\"blank\" tabindex=\"0\" role=\"button\">4. Perte de donn\u00e9es<\/span><span class=\"\" data-url=\"\" data-target=\"blank\" tabindex=\"0\" role=\"button\">5. Ma maison connect\u00e9e<\/span><\/div><div class=\"su-tabs-panes\"><div class=\"su-tabs-pane su-u-clearfix su-u-trim\" data-title=\"1. Assistance \u00e0 Domicile\">\n<p style=\"text-align: justify;\">Un virus menace vos donn\u00e9es ?<\/p>\n<p style=\"text-align: justify;\">Votre imprimante ne fonctionne plus ?<\/p>\n<p style=\"text-align: justify;\">Votre connexion internet ne r\u00e9pond plus ?<\/p>\n<p style=\"text-align: justify;\">Besoin de mat\u00e9riel, mais vous ne savez pas lequel choisir ?<\/p>\n<p style=\"text-align: justify;\">Quel que soit votre besoin Ciel mon Ordi ! est l\u00e0 pour vous aider, vous accompagner et intervient chez vous dans les plus brefs d\u00e9lais \u00e0 Paris et en r\u00e9gion parisienne.<\/p>\n<p style=\"text-align: justify;\"><\/div>\n<div class=\"su-tabs-pane su-u-clearfix su-u-trim\" data-title=\"2. Formations\">\n<p style=\"text-align: justify;\">Des soucis pour utiliser votre ordinateur ? Besoin d\u2019envoyer un email ou de ranger vos photos ? Mettre en forme vos courriers et documents ?<\/p>\n<p style=\"text-align: justify;\">Ciel Mon Ordi se d\u00e9place chez vous pour tout vous expliquer. Les formations de Ciel Mon Ordi sont pour tous les \u00e2ges, tous les niveaux. Faites votre choix&#8230;<\/p>\n<p style=\"text-align: justify;\"><strong>Initiation \u00e0 l\u2019utilisation d\u2019un ordinateur : 1h<\/strong><br \/>\nComment utiliser un ordinateur, premiers pas sur internet&#8230;<\/p>\n<p style=\"text-align: justify;\"><strong>Initiation \u00e0 la bureautique : modules de 2h<\/strong><br \/>\ntraitements de texte &#8211; tableurs &#8211; Multim\u00e9dia &#8230;<\/p>\n<p style=\"text-align: justify;\"><strong>S\u00e9curit\u00e9 Internet : modules de 2h<\/strong><br \/>\nS\u00e9curit\u00e9 &#8211; Achats &#8211; Contr\u00f4le parental &#8211; &#8230;<\/p>\n<p style=\"text-align: justify;\"><strong>Perfectionnement : modules de 2h<\/strong><br \/>\nTraitements de texte &#8211; tableurs &#8211; Multim\u00e9dia &#8211; Internet &#8211; &#8230;<\/p>\n<p style=\"text-align: justify;\"><strong>Expertise modules de 2h<\/strong><br \/>\nTraitements de texte &#8211; tableurs &#8211; Multim\u00e9dia &#8211; D\u00e9veloppement &#8211; &#8230;<\/p>\n<p style=\"text-align: justify;\"><\/div>\n<div class=\"su-tabs-pane su-u-clearfix su-u-trim\" data-title=\"3. Conseils\">\n<p style=\"text-align: justify;\"><strong>Factures et abonnements num\u00e9riques en hausse, Pouvoir d\u2019achat en baisse,<\/strong><\/p>\n<p style=\"text-align: justify;\">Ciel, mon Ordi propose un service innovant pour optimiser le budget num\u00e9rique familial<\/p>\n<p style=\"text-align: justify;\">Ciel mon Ordi propose aujourd\u2019hui un audit des factures num\u00e9riques des foyers afin d\u2019identifier les \u00e9conomies possibles et leur proposer des solutions mieux adapt\u00e9es \u00e0 leurs usages. Le diagnostic commence par un \u00ab\u00e9pluchage\u00bb \u00a0des factures num\u00e9riques pour\u00a0comprendre les besoins de la famille et trouver des services correspondant \u00e0\u00a0leur budget et \u00e0 leurs attentes : meilleure utilisation d\u2019Internet, \u00e9volution des\u00a0forfaits de t\u00e9l\u00e9phones portables vers des offres plus ad\u00e9quates\u2026<\/p>\n<p style=\"text-align: justify;\"><\/div>\n<div class=\"su-tabs-pane su-u-clearfix su-u-trim\" data-title=\"4. Perte de donn\u00e9es\">\n<p style=\"text-align: justify;\">Ciel mon Ordi s\u2019occupe de vos donn\u00e9es, en partenariat avec notre laboratoire sp\u00e9cialis\u00e9 dans les services de r\u00e9cup\u00e9ration de donn\u00e9es, pour\u00a0atteindre un\u00a0taux de r\u00e9ussite de 90%\u00a0pour la r\u00e9cup\u00e9ration de donn\u00e9es en salle blanche gr\u00e2ce \u00e0 une \u00e9quipe de\u00a0techniciens hautement qualifi\u00e9s\u00a0totalisant plus de dix ans d\u2019exp\u00e9rience en laboratoire.<\/p>\n<p style=\"text-align: justify;\"><\/div>\n<div class=\"su-tabs-pane su-u-clearfix su-u-trim\" data-title=\"5. Ma maison connect\u00e9e\">\n<h3 style=\"text-align: justify;\"><strong>D\u00e9couvrez la maison intelligente !<\/strong><\/h3>\n<p style=\"text-align: justify;\">C&#8217;est avant tout une maison connect\u00e9e qui b\u00e9n\u00e9ficie des derni\u00e8res avanc\u00e9es technologiques pour la domotique facile !<br \/>\nCambriolage, vid\u00e9o surveillance, mais aussi incendie ou fuite de gaz, les risques domestiques sont multiples et votre maison connect\u00e9e va faire autant office d&#8217;alarme que de protection et de pr\u00e9vention en vous alertant sur votre smartphone des anomalies et alertes ! Choisissez votre pack tout en un et \u00e9quipez vous en cam\u00e9ra IP, sir\u00e8ne, d\u00e9tecteurs de mouvements ou de fum\u00e9e et vous voil\u00e0 d\u00e9j\u00e0 prot\u00e9g\u00e9 !<\/p>\n<h3><strong>Vous souhaitez \u00eatre contact\u00e9 par un consultant ou assister \u00e0 une pr\u00e9sentation de notre showroom ?<\/strong><\/h3>\n<p>Nos consultants sont l\u00e0 pour vous informer sur nos produits, vous proposer les offres du moment et vous aider \u00e0 choisir la meilleure solution. N&#8217;h\u00e9sitez pas \u00e0 nous t\u00e9l\u00e9phoner au : <strong>01 46 20 30 58<\/strong>, fixer un rendez-vous pour \u00eatre rappel\u00e9, ou <strong><a href=\"http:\/\/www.cielmonordi.fr\/v2010\/cmo\/?page_id=19\">nous \u00e9crire par email<\/a><\/strong>.<\/p>\n<p style=\"text-align: justify;\"><\/div><\/div><\/div>\n<p><\/p>","protected":false},"excerpt":{"rendered":"","protected":false},"author":4,"featured_media":0,"parent":0,"menu_order":30,"comment_status":"closed","ping_status":"closed","template":"","meta":{"footnotes":""},"aioseo_notices":[],"_links":{"self":[{"href":"https:\/\/www.cielmonordi.fr\/v2010\/cmo\/wp-json\/wp\/v2\/pages\/109"}],"collection":[{"href":"https:\/\/www.cielmonordi.fr\/v2010\/cmo\/wp-json\/wp\/v2\/pages"}],"about":[{"href":"https:\/\/www.cielmonordi.fr\/v2010\/cmo\/wp-json\/wp\/v2\/types\/page"}],"author":[{"embeddable":true,"href":"https:\/\/www.cielmonordi.fr\/v2010\/cmo\/wp-json\/wp\/v2\/users\/4"}],"replies":[{"embeddable":true,"href":"https:\/\/www.cielmonordi.fr\/v2010\/cmo\/wp-json\/wp\/v2\/comments?post=109"}],"version-history":[{"count":5,"href":"https:\/\/www.cielmonordi.fr\/v2010\/cmo\/wp-json\/wp\/v2\/pages\/109\/revisions"}],"predecessor-version":[{"id":1334,"href":"https:\/\/www.cielmonordi.fr\/v2010\/cmo\/wp-json\/wp\/v2\/pages\/109\/revisions\/1334"}],"wp:attachment":[{"href":"https:\/\/www.cielmonordi.fr\/v2010\/cmo\/wp-json\/wp\/v2\/media?parent=109"}],"curies":[{"name":"wp","href":"https:\/\/api.w.org\/{rel}","templated":true}]}}