
{"id":1428,"date":"2016-12-07T10:52:28","date_gmt":"2016-12-07T08:52:28","guid":{"rendered":"http:\/\/www.cielmonordi.fr\/v2010\/cmo\/?page_id=1428"},"modified":"2020-11-24T10:33:08","modified_gmt":"2020-11-24T08:33:08","slug":"parrainer-mes-amis","status":"publish","type":"page","link":"https:\/\/www.cielmonordi.fr\/v2010\/cmo\/nous-contacter\/parrainer-mes-amis\/","title":{"rendered":"Parrainer mes amis"},"content":{"rendered":"<p style=\"text-align: left;\"><strong><span style=\"font-family: verdana, geneva;\">Inviter vos amis et gagnez 10\u20ac<\/span><\/strong><\/p>\n<p style=\"text-align: justify;\">En tant que client Ciel mon Ordi, vous pouvez parrainer vos amis, votre famille, vos coll\u00e8gues et m\u00eame votre cher voisin. Si l\u2019un d\u2019eux s\u2019abonne gr\u00e2ce \u00e0 vous, il b\u00e9n\u00e9ficie de 10\u20ac de r\u00e9duction sur sa premi\u00e8re intervention !\u00a0Et pour vous remercier, nous vous offrons aussi 10\u20ac sur votre prochaine intervention.<\/p>\n<p style=\"text-align: left;\"><strong>Alors n\u2019attendez plus, invitez, cumulez et profitez !<\/strong><\/p>\n<p style=\"text-align: left;\">\n<div class=\"wpcf7 no-js\" id=\"wpcf7-f1434-o1\" lang=\"fr-FR\" dir=\"ltr\">\n<div class=\"screen-reader-response\"><p role=\"status\" aria-live=\"polite\" aria-atomic=\"true\"><\/p> <ul><\/ul><\/div>\n<form action=\"\/v2010\/cmo\/wp-json\/wp\/v2\/pages\/1428#wpcf7-f1434-o1\" method=\"post\" class=\"wpcf7-form init\" aria-label=\"Formulaire de contact\" novalidate=\"novalidate\" data-status=\"init\">\n<div style=\"display: none;\">\n<input type=\"hidden\" name=\"_wpcf7\" value=\"1434\" \/>\n<input type=\"hidden\" name=\"_wpcf7_version\" value=\"5.8.1\" \/>\n<input type=\"hidden\" name=\"_wpcf7_locale\" value=\"fr_FR\" \/>\n<input type=\"hidden\" name=\"_wpcf7_unit_tag\" value=\"wpcf7-f1434-o1\" \/>\n<input type=\"hidden\" name=\"_wpcf7_container_post\" value=\"0\" \/>\n<input type=\"hidden\" name=\"_wpcf7_posted_data_hash\" value=\"\" \/>\n<input type=\"hidden\" name=\"_wpcf7_recaptcha_response\" value=\"\" \/>\n<\/div>\n<p style=\"text-align: center;\"><b>Vous : <\/b>\n<\/p>\n<p style=\"text-align: left;\"><br \/>\nVotre pr\u00e9nom : <span class=\"wpcf7-form-control-wrap\" data-name=\"text-149\"><input size=\"40\" class=\"wpcf7-form-control wpcf7-text wpcf7-validates-as-required\" aria-required=\"true\" aria-invalid=\"false\" placeholder=\"Obligatoire\" value=\"\" type=\"text\" name=\"text-149\" \/><\/span><br \/>\nVotre nom : <span class=\"wpcf7-form-control-wrap\" data-name=\"your-name\"><input size=\"40\" class=\"wpcf7-form-control wpcf7-text wpcf7-validates-as-required\" aria-required=\"true\" aria-invalid=\"false\" placeholder=\"Obligatoire\" value=\"\" type=\"text\" name=\"your-name\" \/><\/span><br \/>\nVotre email : <span class=\"wpcf7-form-control-wrap\" data-name=\"your-email\"><input size=\"40\" class=\"wpcf7-form-control wpcf7-email wpcf7-validates-as-required wpcf7-text wpcf7-validates-as-email\" aria-required=\"true\" aria-invalid=\"false\" placeholder=\"Obligatoire\" value=\"\" type=\"email\" name=\"your-email\" \/><\/span>\n<\/p>\n<p style=\"text-align: center;\"><b>Votre ami(e) : <\/b>\n<\/p>\n<p style=\"text-align: left;\"><br \/>\nSon pr\u00e9nom : <span class=\"wpcf7-form-control-wrap\" data-name=\"text-64\"><input size=\"40\" class=\"wpcf7-form-control wpcf7-text wpcf7-validates-as-required\" aria-required=\"true\" aria-invalid=\"false\" placeholder=\"Obligatoire\" value=\"\" type=\"text\" name=\"text-64\" \/><\/span><br \/>\nSon nom : <span class=\"wpcf7-form-control-wrap\" data-name=\"text-65\"><input size=\"40\" class=\"wpcf7-form-control wpcf7-text wpcf7-validates-as-required\" aria-required=\"true\" aria-invalid=\"false\" placeholder=\"Obligatoire\" value=\"\" type=\"text\" name=\"text-65\" \/><\/span><br \/>\nSon email : <span class=\"wpcf7-form-control-wrap\" data-name=\"email-819\"><input size=\"40\" class=\"wpcf7-form-control wpcf7-email wpcf7-validates-as-required wpcf7-text wpcf7-validates-as-email\" aria-required=\"true\" aria-invalid=\"false\" placeholder=\"Obligatoire\" value=\"\" type=\"email\" name=\"email-819\" \/><\/span>\n<\/p>\n\n<p><input class=\"wpcf7-form-control wpcf7-submit has-spinner\" type=\"submit\" value=\"Envoyer\" \/>\n<\/p><div class=\"wpcf7-response-output\" aria-hidden=\"true\"><\/div>\n<\/form>\n<\/div>\n\n<p style=\"text-align: justify;\">\n<p><\/p>","protected":false},"excerpt":{"rendered":"<p>Inviter vos amis et gagnez 10\u20ac En tant que client Ciel mon Ordi, vous pouvez parrainer vos amis, votre famille, vos coll\u00e8gues et m\u00eame votre cher voisin. Si l\u2019un d\u2019eux s\u2019abonne gr\u00e2ce \u00e0 vous, il b\u00e9n\u00e9ficie de 10\u20ac de r\u00e9duction sur sa premi\u00e8re intervention !\u00a0Et pour vous remercier, nous vous offrons aussi 10\u20ac sur votre<br \/><a class=\"moretag\" href=\"https:\/\/www.cielmonordi.fr\/v2010\/cmo\/nous-contacter\/parrainer-mes-amis\/\">+ Lire la suite<\/a><\/p>\n","protected":false},"author":164,"featured_media":0,"parent":1961,"menu_order":410,"comment_status":"closed","ping_status":"closed","template":"","meta":{"footnotes":""},"aioseo_notices":[],"_links":{"self":[{"href":"https:\/\/www.cielmonordi.fr\/v2010\/cmo\/wp-json\/wp\/v2\/pages\/1428"}],"collection":[{"href":"https:\/\/www.cielmonordi.fr\/v2010\/cmo\/wp-json\/wp\/v2\/pages"}],"about":[{"href":"https:\/\/www.cielmonordi.fr\/v2010\/cmo\/wp-json\/wp\/v2\/types\/page"}],"author":[{"embeddable":true,"href":"https:\/\/www.cielmonordi.fr\/v2010\/cmo\/wp-json\/wp\/v2\/users\/164"}],"replies":[{"embeddable":true,"href":"https:\/\/www.cielmonordi.fr\/v2010\/cmo\/wp-json\/wp\/v2\/comments?post=1428"}],"version-history":[{"count":1,"href":"https:\/\/www.cielmonordi.fr\/v2010\/cmo\/wp-json\/wp\/v2\/pages\/1428\/revisions"}],"predecessor-version":[{"id":1468,"href":"https:\/\/www.cielmonordi.fr\/v2010\/cmo\/wp-json\/wp\/v2\/pages\/1428\/revisions\/1468"}],"up":[{"embeddable":true,"href":"https:\/\/www.cielmonordi.fr\/v2010\/cmo\/wp-json\/wp\/v2\/pages\/1961"}],"wp:attachment":[{"href":"https:\/\/www.cielmonordi.fr\/v2010\/cmo\/wp-json\/wp\/v2\/media?parent=1428"}],"curies":[{"name":"wp","href":"https:\/\/api.w.org\/{rel}","templated":true}]}}