
{"id":808,"date":"2013-12-10T21:34:17","date_gmt":"2013-12-10T19:34:17","guid":{"rendered":"http:\/\/www.cielmonordi.fr\/v2010\/cmo\/?page_id=808"},"modified":"2019-12-23T17:16:47","modified_gmt":"2019-12-23T15:16:47","slug":"cartes-prepayees","status":"publish","type":"page","link":"https:\/\/www.cielmonordi.fr\/v2010\/cmo\/tarifs\/cartes-prepayees\/","title":{"rendered":"Cartes pr\u00e9pay\u00e9es"},"content":{"rendered":"<h2><span style=\"font-family: arial, helvetica, sans-serif;\">Choisissez un carnet ou offrez une prestation<\/span><\/h2>\n<p style=\"text-align: justify;\"><span style=\"font-family: arial, helvetica, sans-serif;\">S\u00e9lectionnez la dur\u00e9e qui conviendra le mieux \u00e0 l\u2019heureux b\u00e9n\u00e9ficiaire et nous interviendrons \u00e0 son domicile dans les plus brefs d\u00e9lais.<\/span><\/p>\n<p style=\"text-align: left;\"><div class=\"su-row\">\n<div class=\"su-column su-column-size-1-3\"><div class=\"su-column-inner su-u-clearfix su-u-trim\">\n<p><a href=\"https:\/\/www.cielmonordi.fr\/v2010\/cmo\/tarifs\/cartes-prepayees\/carte-1h\/\"><img decoding=\"async\" loading=\"lazy\" class=\"aligncenter size-full wp-image-1777\" src=\"http:\/\/www.cielmonordi.fr\/v2010\/cmo\/wp-content\/uploads\/2019\/12\/carte-01.jpg\" alt=\"\" width=\"200\" height=\"250\" \/><\/a><\/p>\n<p style=\"text-align: left;\"><\/div><\/div>\n<div class=\"su-column su-column-size-1-3\"><div class=\"su-column-inner su-u-clearfix su-u-trim\">\n<p><a href=\"https:\/\/www.cielmonordi.fr\/v2010\/cmo\/tarifs\/cartes-prepayees\/carte-2h\/\"><img decoding=\"async\" loading=\"lazy\" class=\"aligncenter size-full wp-image-1779\" src=\"http:\/\/www.cielmonordi.fr\/v2010\/cmo\/wp-content\/uploads\/2019\/12\/carte-02.jpg\" alt=\"\" width=\"200\" height=\"250\" \/><\/a><\/p>\n<p style=\"text-align: left;\"><\/div><\/div>\n<div class=\"su-column su-column-size-1-3\"><div class=\"su-column-inner su-u-clearfix su-u-trim\">\n<p><a href=\"https:\/\/www.cielmonordi.fr\/v2010\/cmo\/tarifs\/cartes-prepayees\/carte-3h\/\"><img decoding=\"async\" loading=\"lazy\" class=\"aligncenter size-full wp-image-1781\" src=\"http:\/\/www.cielmonordi.fr\/v2010\/cmo\/wp-content\/uploads\/2019\/12\/carte-03.jpg\" alt=\"\" width=\"200\" height=\"250\" \/><\/a><\/p>\n<p style=\"text-align: left;\"><\/div><\/div>\n<\/div>\n<p style=\"text-align: left;\"><div class=\"su-row\">\n<div class=\"su-column su-column-size-1-3\"><div class=\"su-column-inner su-u-clearfix su-u-trim\">\n<p><a href=\"https:\/\/www.cielmonordi.fr\/v2010\/cmo\/tarifs\/cartes-prepayees\/carnet-6h\/\"><img decoding=\"async\" loading=\"lazy\" class=\"aligncenter size-full wp-image-1783\" src=\"http:\/\/www.cielmonordi.fr\/v2010\/cmo\/wp-content\/uploads\/2019\/12\/carte-06.jpg\" alt=\"\" width=\"200\" height=\"250\" \/><\/a><\/p>\n<p style=\"text-align: left;\"><\/div><\/div>\n<div class=\"su-column su-column-size-1-3\"><div class=\"su-column-inner su-u-clearfix su-u-trim\">\n<p><a href=\"https:\/\/www.cielmonordi.fr\/v2010\/cmo\/tarifs\/cartes-prepayees\/carnet-10h\/\"><img decoding=\"async\" loading=\"lazy\" class=\"aligncenter size-full wp-image-1785\" src=\"http:\/\/www.cielmonordi.fr\/v2010\/cmo\/wp-content\/uploads\/2019\/12\/carte-10.jpg\" alt=\"\" width=\"200\" height=\"250\" \/><\/a><\/p>\n<p style=\"text-align: left;\"><\/div><\/div>\n<div class=\"su-column su-column-size-1-3\"><div class=\"su-column-inner su-u-clearfix su-u-trim\">\n<p><a href=\"https:\/\/www.cielmonordi.fr\/v2010\/cmo\/tarifs\/cartes-prepayees\/carnet-20h\/\"><img decoding=\"async\" loading=\"lazy\" class=\"aligncenter size-full wp-image-1787\" src=\"http:\/\/www.cielmonordi.fr\/v2010\/cmo\/wp-content\/uploads\/2019\/12\/carte-20.jpg\" alt=\"\" width=\"200\" height=\"250\" \/><\/a><\/p>\n<p style=\"text-align: left;\"><\/div><\/div>\n<\/div>\n<p style=\"text-align: center;\"><span style=\"font-family: arial, helvetica, sans-serif; color: #ff0000; font-size: medium;\">B\u00e9n\u00e9ficiez de 50% de r\u00e9duction sur nos prestations<\/span><\/p>\n<p style=\"text-align: justify;\"><span style=\"font-family: arial, helvetica, sans-serif;\">Ciel Mon Ordi est agr\u00e9\u00e9 sous le num\u00e9ro : R\/130311\/F\/092\/S\/055 et vous permet de b\u00e9n\u00e9ficier de la loi N2005-841 du 26 juillet 2005 sur les services \u00e0 la personne.\u00a0<\/span><span style=\"font-family: arial, helvetica, sans-serif;\">Les services informatiques \u00e0 domicile entrent dans le cadre de la loi du 26 juillet 2005 relative au d\u00e9veloppement des services \u00e0 la personne. De ce fait, ils ouvrent donc droit \u00e0 une r\u00e9duction d\u2019imp\u00f4ts de 50% des sommes vers\u00e9es pour ces prestations (hors aides \u00e9ventuellement per\u00e7ues) pour r\u00e9gler les prestations informatiques et internet inclues dans les formules \u00ab\u00a0Internet accompagn\u00e9\u00a0\u00bb ainsi qu\u2019\u00e0 l\u2019utilisation du ch\u00e8que emploi service universel (Cesu).<\/span><\/p>\n<p><\/p>","protected":false},"excerpt":{"rendered":"<p>Choisissez un carnet ou offrez une prestation S\u00e9lectionnez la dur\u00e9e qui conviendra le mieux \u00e0 l\u2019heureux b\u00e9n\u00e9ficiaire et nous interviendrons \u00e0 son domicile dans les plus brefs d\u00e9lais. B\u00e9n\u00e9ficiez de 50% de r\u00e9duction sur nos prestations Ciel Mon Ordi est agr\u00e9\u00e9 sous le num\u00e9ro : R\/130311\/F\/092\/S\/055 et vous permet de b\u00e9n\u00e9ficier de la loi N2005-841<br \/><a class=\"moretag\" href=\"https:\/\/www.cielmonordi.fr\/v2010\/cmo\/tarifs\/cartes-prepayees\/\">+ Lire la suite<\/a><\/p>\n","protected":false},"author":4,"featured_media":0,"parent":109,"menu_order":330,"comment_status":"closed","ping_status":"closed","template":"","meta":{"footnotes":""},"aioseo_notices":[],"_links":{"self":[{"href":"https:\/\/www.cielmonordi.fr\/v2010\/cmo\/wp-json\/wp\/v2\/pages\/808"}],"collection":[{"href":"https:\/\/www.cielmonordi.fr\/v2010\/cmo\/wp-json\/wp\/v2\/pages"}],"about":[{"href":"https:\/\/www.cielmonordi.fr\/v2010\/cmo\/wp-json\/wp\/v2\/types\/page"}],"author":[{"embeddable":true,"href":"https:\/\/www.cielmonordi.fr\/v2010\/cmo\/wp-json\/wp\/v2\/users\/4"}],"replies":[{"embeddable":true,"href":"https:\/\/www.cielmonordi.fr\/v2010\/cmo\/wp-json\/wp\/v2\/comments?post=808"}],"version-history":[{"count":5,"href":"https:\/\/www.cielmonordi.fr\/v2010\/cmo\/wp-json\/wp\/v2\/pages\/808\/revisions"}],"predecessor-version":[{"id":1791,"href":"https:\/\/www.cielmonordi.fr\/v2010\/cmo\/wp-json\/wp\/v2\/pages\/808\/revisions\/1791"}],"up":[{"embeddable":true,"href":"https:\/\/www.cielmonordi.fr\/v2010\/cmo\/wp-json\/wp\/v2\/pages\/109"}],"wp:attachment":[{"href":"https:\/\/www.cielmonordi.fr\/v2010\/cmo\/wp-json\/wp\/v2\/media?parent=808"}],"curies":[{"name":"wp","href":"https:\/\/api.w.org\/{rel}","templated":true}]}}